{"id":484,"date":"2023-05-11T22:00:17","date_gmt":"2023-05-11T22:00:17","guid":{"rendered":"https:\/\/joyeriasmarvel.es\/?page_id=484"},"modified":"2023-05-16T16:02:36","modified_gmt":"2023-05-16T16:02:36","slug":"nosotros","status":"publish","type":"page","link":"https:\/\/joyeriasmarvel.es\/index.php\/nosotros\/","title":{"rendered":"Nosotros"},"content":{"rendered":"<div class=\"section-wrapper\" data-id=\"pA2xIm\"><section class=\"wp-block-gutenverse-section guten-element guten-section guten-pA2xIm layout-boxed align-stretch\"><div class=\"guten-background-overlay\"><\/div><div class=\"guten-shape-divider guten-shape-divider-top\"><\/div><div class=\"guten-shape-divider guten-shape-divider-bottom\"><\/div><div class=\"guten-container guten-column-gap-no\"><div class=\"wp-block-gutenverse-column guten-element guten-column guten-uQMhiJ\"><div class=\"guten-background-overlay\"><\/div><div class=\"sticky-wrapper\" data-id=\"uQMhiJ\"><div class=\"guten-column-wrapper\"><div class=\"section-wrapper\" data-id=\"qn3P4x\"><section class=\"wp-block-gutenverse-section guten-element guten-section guten-qn3P4x layout-fullwidth align-stretch\"><div class=\"guten-background-overlay\"><\/div><div class=\"guten-shape-divider guten-shape-divider-top\"><\/div><div class=\"guten-shape-divider guten-shape-divider-bottom\"><\/div><div class=\"guten-container guten-column-gap-default\"><div class=\"wp-block-gutenverse-column guten-element guten-column guten-nRKeWA\"><div class=\"guten-background-overlay\"><\/div><div class=\"sticky-wrapper\" data-id=\"nRKeWA\"><div class=\"guten-column-wrapper\"><h5 class=\"wp-block-gutenverse-heading guten-element guten-I4OKDK animated guten-element-hide desktop-fadeInLeft\">\u00bfQuieres saber qui\u00e9nes somos?<\/h5>\n\n<h2 class=\"wp-block-gutenverse-heading guten-element guten-J0aNcl animated guten-element-hide desktop-fadeInLeft\">Nos presentamos&#8230;<\/h2>\n\n<div class=\"guten-element gutenverse-text-editor guten-2rwxvm animated guten-element-hide desktop-fadeInLeft\"><div class=\"text-content-inner\"><p>Somos una Relojer\u00eda y Joyer\u00eda establecidos en la zona mas prestigiosa y conocida en la Zona Sur de Tenerife conocida como \u201cla milla de oro\u201d desde el a\u00f1o 1990. La empresa est\u00e1 formada por un equipo de trabajadores que llevan con nosotros much\u00edsimos a\u00f1os. Algunos de ellos, desde los inicios de los tiempos. Nuestros <strong>expertos en joyer\u00eda<\/strong> tienen a\u00f1os de experiencia en la industria y han adquirido un amplio conocimiento en cuanto a la calidad de los materiales, el dise\u00f1o de joyas y la artesan\u00eda. Saben c\u00f3mo seleccionar y evaluar las piedras preciosas y diamantes, y c\u00f3mo elegir la mejor opci\u00f3n para cada presupuesto y estilo.<\/p><\/div><\/div><\/div><\/div><\/div>\n\n<div class=\"wp-block-gutenverse-column guten-element guten-column guten-wYWPti\"><div class=\"guten-background-overlay\"><\/div><div class=\"sticky-wrapper\" data-id=\"wYWPti\"><div class=\"guten-column-wrapper\"><div class=\"guten-element guten-button-wrapper guten-UGZ9SV\"><a class=\"guten-button animated guten-element-hide desktop-fadeInRight guten-button-sm\" href=\"https:\/\/joyeriasmarvel.es\/index.php\/contacto\/\"><span>CONTACTAR<\/span><\/a><\/div><\/div><\/div><\/div><\/div><\/section><\/div>\n\n<div class=\"section-wrapper\" data-id=\"duArME\"><section class=\"wp-block-gutenverse-section guten-element guten-section guten-duArME layout-boxed align-stretch\"><div class=\"guten-background-overlay\"><\/div><div class=\"guten-shape-divider guten-shape-divider-top\"><\/div><div class=\"guten-shape-divider guten-shape-divider-bottom\"><\/div><div class=\"guten-container guten-column-gap-no\"><div class=\"wp-block-gutenverse-column guten-element guten-column guten-APnSiO animated guten-element-hide desktop-fadeInLeft\"><div class=\"guten-background-overlay\"><\/div><div class=\"sticky-wrapper\" data-id=\"APnSiO\"><div class=\"guten-column-wrapper\"><div class=\"wp-block-gutenverse-image guten-element guten-image guten-Ua5kYb\"><a class=\"guten-image-wrapper\"><img loading=\"lazy\" decoding=\"async\" class=\"gutenverse-image-box-filled\" src=\"https:\/\/joyeriasmarvel.es\/wp-content\/uploads\/2023\/05\/jasmin-chew-WKD2vIe8Rb0-unsplash-scaled.jpg\" height=\"2560\" width=\"1790\"\/><\/a><\/div><\/div><\/div><\/div>\n\n<div class=\"wp-block-gutenverse-column guten-element guten-column guten-oY8ANE\"><div class=\"guten-background-overlay\"><\/div><div class=\"sticky-wrapper\" data-id=\"oY8ANE\"><div class=\"guten-column-wrapper\"><div class=\"guten-element guten-ZoZK7w animated guten-element-hide desktop-fadeInRight guten-icon-box icon-position-undefined\"><div class=\"guten-icon-box-wrapper hover-from-left\"><div class=\"icon-box icon-box-header\"><div class=\"icon style-color\"><i class=\"gtn gtn-rings-light\"><\/i><\/div><\/div><div class=\"icon-box icon-box-body\"><h3 class=\"title\">Joyas exclusivas en Tenerife<\/h3><p class=\"icon-box-description\">Siempre nos hemos enfocado en ofrecerle a los clientes que visiten nuestra tienda, un <strong>servicio y atenci\u00f3n personalizada<\/strong> ya que disponemos de una gran variedad de productos en categor\u00edas como pueden ser los: r<strong>elojes, anillos, pulseras, brazaletes, pendientes, figuras de cristal, Joyer\u00eda en Oro amarillo y blanco de 18 kilates, Joyer\u00eda con piedras preciosas y mucho m\u00e1s.<\/strong><\/p><\/div><\/div><\/div>\n\n<div class=\"guten-element guten-bqonOo animated guten-element-hide desktop-fadeInRight guten-icon-box icon-position-undefined\"><div class=\"guten-icon-box-wrapper hover-from-left\"><div class=\"icon-box icon-box-header\"><div class=\"icon style-color\"><i class=\"gtn gtn-diamond1-light\"><\/i><\/div><\/div><div class=\"icon-box icon-box-body\"><h3 class=\"title\">Profesionales en Joyas<\/h3><p class=\"icon-box-description\">Nuestro equipo est\u00e1 formado por personas que son biling\u00fces, dominan el castellano y el ingl\u00e9s. Al estar <strong>situados en la zona tur\u00edstica del sur de Tenerife<\/strong>, consideramos que es un punto necesario para poder entenderse mejor con los clientes. Tambi\u00e9n hablan m\u00e1s idiomas como el franc\u00e9s e italiano.<\/p><\/div><\/div><\/div><\/div><\/div><\/div><\/div><\/section><\/div><\/div><\/div><\/div><\/div><\/section><\/div><div class=\"section-wrapper\" data-id=\"jE5fRc\"><section class=\"wp-block-gutenverse-section guten-element guten-section guten-jE5fRc layout-boxed align-stretch\"><div class=\"guten-background-overlay\"><\/div><div class=\"guten-shape-divider guten-shape-divider-top\"><\/div><div class=\"guten-shape-divider guten-shape-divider-bottom\"><\/div><div class=\"guten-container guten-column-gap-no\"><div class=\"wp-block-gutenverse-column guten-element guten-column guten-LHoN8d\"><div class=\"guten-background-overlay\"><\/div><div class=\"sticky-wrapper\" data-id=\"LHoN8d\"><div class=\"guten-column-wrapper\"><div class=\"section-wrapper\" data-id=\"HhVHZV\"><section class=\"wp-block-gutenverse-section guten-element guten-section guten-HhVHZV layout-boxed align-stretch\"><div class=\"guten-background-overlay\"><\/div><div class=\"guten-shape-divider guten-shape-divider-top\"><\/div><div class=\"guten-shape-divider guten-shape-divider-bottom\"><\/div><div class=\"guten-container guten-column-gap-no\"><div class=\"wp-block-gutenverse-column guten-element guten-column guten-be5Fhi\"><div class=\"guten-background-overlay\"><\/div><div class=\"sticky-wrapper\" data-id=\"be5Fhi\"><div class=\"guten-column-wrapper\"><h5 class=\"wp-block-gutenverse-heading guten-element guten-qEaVEV animated guten-element-hide desktop-fadeInLeft\">NUESTRO EQUIPO<\/h5>\n\n<h2 class=\"wp-block-gutenverse-heading guten-element guten-OOeia0 animated guten-element-hide desktop-fadeInLeft\">Expertos en Joyas<\/h2>\n\n<div class=\"guten-element gutenverse-text-editor guten-6ELjSL animated guten-element-hide desktop-fadeInLeft\"><div class=\"text-content-inner\"><p>En nuestra joyer\u00eda, contamos con un <strong>equipo de expertos en joyer\u00eda <\/strong>altamente capacitados y apasionados por su trabajo. Desde <strong>joyeros experimentados hasta especialistas en diamantes y piedras preciosas<\/strong>, nuestro equipo est\u00e1 aqu\u00ed para ayudarlo a encontrar la joya perfecta y brindarle el mejor servicio posible.<\/p><\/div><\/div><\/div><\/div><\/div>\n\n<div class=\"wp-block-gutenverse-column guten-element guten-column guten-p600fn\"><div class=\"guten-background-overlay\"><\/div><div class=\"sticky-wrapper\" data-id=\"p600fn\"><div class=\"guten-column-wrapper\"><div class=\"guten-element guten-button-wrapper guten-vVUtdp hide-tablet hide-mobile\"><a class=\"guten-button animated guten-element-hide desktop-fadeInRight guten-button-sm\" href=\"https:\/\/joyeriasmarvel.es\/index.php\/contacto\/\"><span>CONTACTAR<\/span><\/a><\/div><\/div><\/div><\/div><\/div><\/section><\/div><\/div><\/div><\/div><\/div><\/section><\/div>","protected":false},"excerpt":{"rendered":"","protected":false},"author":1,"featured_media":0,"parent":0,"menu_order":0,"comment_status":"closed","ping_status":"closed","template":"","meta":{"footnotes":""},"class_list":["post-484","page","type-page","status-publish","hentry"],"yoast_head":"<!-- This site is optimized with the Yoast SEO plugin v24.9 - https:\/\/yoast.com\/wordpress\/plugins\/seo\/ -->\n<title>Nosotros - Joyer\u00eda Marvel<\/title>\n<meta name=\"description\" content=\"\u00bfQuieres saber m\u00e1s sobre nosotros? Ven a conocernos en nuestra joyer\u00eda Marvel en el Sur de Tenerife, islas canarias.\" \/>\n<meta name=\"robots\" content=\"index, follow, max-snippet:-1, max-image-preview:large, max-video-preview:-1\" \/>\n<link rel=\"canonical\" href=\"https:\/\/joyeriasmarvel.es\/index.php\/nosotros\/\" \/>\n<meta property=\"og:locale\" content=\"es_ES\" \/>\n<meta property=\"og:type\" content=\"article\" \/>\n<meta property=\"og:title\" content=\"Nosotros - Joyer\u00eda Marvel\" \/>\n<meta property=\"og:description\" content=\"\u00bfQuieres saber m\u00e1s sobre nosotros? Ven a conocernos en nuestra joyer\u00eda Marvel en el Sur de Tenerife, islas canarias.\" \/>\n<meta property=\"og:url\" content=\"https:\/\/joyeriasmarvel.es\/index.php\/nosotros\/\" \/>\n<meta property=\"og:site_name\" content=\"Joyer\u00eda Marvel\" \/>\n<meta property=\"article:modified_time\" content=\"2023-05-16T16:02:36+00:00\" \/>\n<meta property=\"og:image\" content=\"https:\/\/joyeriasmarvel.es\/wp-content\/uploads\/2023\/05\/jasmin-chew-WKD2vIe8Rb0-unsplash-scaled.jpg\" \/>\n<meta name=\"twitter:card\" content=\"summary_large_image\" \/>\n<meta name=\"twitter:label1\" content=\"Tiempo de lectura\" \/>\n\t<meta name=\"twitter:data1\" content=\"2 minutos\" \/>\n<script type=\"application\/ld+json\" class=\"yoast-schema-graph\">{\"@context\":\"https:\/\/schema.org\",\"@graph\":[{\"@type\":\"WebPage\",\"@id\":\"https:\/\/joyeriasmarvel.es\/index.php\/nosotros\/\",\"url\":\"https:\/\/joyeriasmarvel.es\/index.php\/nosotros\/\",\"name\":\"Nosotros - Joyer\u00eda Marvel\",\"isPartOf\":{\"@id\":\"https:\/\/joyeriasmarvel.es\/#website\"},\"primaryImageOfPage\":{\"@id\":\"https:\/\/joyeriasmarvel.es\/index.php\/nosotros\/#primaryimage\"},\"image\":{\"@id\":\"https:\/\/joyeriasmarvel.es\/index.php\/nosotros\/#primaryimage\"},\"thumbnailUrl\":\"https:\/\/joyeriasmarvel.es\/wp-content\/uploads\/2023\/05\/jasmin-chew-WKD2vIe8Rb0-unsplash-scaled.jpg\",\"datePublished\":\"2023-05-11T22:00:17+00:00\",\"dateModified\":\"2023-05-16T16:02:36+00:00\",\"description\":\"\u00bfQuieres saber m\u00e1s sobre nosotros? Ven a conocernos en nuestra joyer\u00eda Marvel en el Sur de Tenerife, islas canarias.\",\"breadcrumb\":{\"@id\":\"https:\/\/joyeriasmarvel.es\/index.php\/nosotros\/#breadcrumb\"},\"inLanguage\":\"es\",\"potentialAction\":[{\"@type\":\"ReadAction\",\"target\":[\"https:\/\/joyeriasmarvel.es\/index.php\/nosotros\/\"]}]},{\"@type\":\"ImageObject\",\"inLanguage\":\"es\",\"@id\":\"https:\/\/joyeriasmarvel.es\/index.php\/nosotros\/#primaryimage\",\"url\":\"https:\/\/joyeriasmarvel.es\/wp-content\/uploads\/2023\/05\/jasmin-chew-WKD2vIe8Rb0-unsplash-scaled.jpg\",\"contentUrl\":\"https:\/\/joyeriasmarvel.es\/wp-content\/uploads\/2023\/05\/jasmin-chew-WKD2vIe8Rb0-unsplash-scaled.jpg\",\"width\":1790,\"height\":2560},{\"@type\":\"BreadcrumbList\",\"@id\":\"https:\/\/joyeriasmarvel.es\/index.php\/nosotros\/#breadcrumb\",\"itemListElement\":[{\"@type\":\"ListItem\",\"position\":1,\"name\":\"Portada\",\"item\":\"https:\/\/joyeriasmarvel.es\/\"},{\"@type\":\"ListItem\",\"position\":2,\"name\":\"Nosotros\"}]},{\"@type\":\"WebSite\",\"@id\":\"https:\/\/joyeriasmarvel.es\/#website\",\"url\":\"https:\/\/joyeriasmarvel.es\/\",\"name\":\"Joyer\u00eda Marvel\",\"description\":\"Joyer\u00eda de confianza\",\"publisher\":{\"@id\":\"https:\/\/joyeriasmarvel.es\/#organization\"},\"potentialAction\":[{\"@type\":\"SearchAction\",\"target\":{\"@type\":\"EntryPoint\",\"urlTemplate\":\"https:\/\/joyeriasmarvel.es\/?s={search_term_string}\"},\"query-input\":{\"@type\":\"PropertyValueSpecification\",\"valueRequired\":true,\"valueName\":\"search_term_string\"}}],\"inLanguage\":\"es\"},{\"@type\":\"Organization\",\"@id\":\"https:\/\/joyeriasmarvel.es\/#organization\",\"name\":\"Joyer\u00eda Marvel\",\"url\":\"https:\/\/joyeriasmarvel.es\/\",\"logo\":{\"@type\":\"ImageObject\",\"inLanguage\":\"es\",\"@id\":\"https:\/\/joyeriasmarvel.es\/#\/schema\/logo\/image\/\",\"url\":\"https:\/\/joyeriasmarvel.es\/wp-content\/uploads\/2023\/05\/LOGO-MARVEL-02.png\",\"contentUrl\":\"https:\/\/joyeriasmarvel.es\/wp-content\/uploads\/2023\/05\/LOGO-MARVEL-02.png\",\"width\":1310,\"height\":377,\"caption\":\"Joyer\u00eda Marvel\"},\"image\":{\"@id\":\"https:\/\/joyeriasmarvel.es\/#\/schema\/logo\/image\/\"}}]}<\/script>\n<!-- \/ Yoast SEO plugin. -->","yoast_head_json":{"title":"Nosotros - Joyer\u00eda Marvel","description":"\u00bfQuieres saber m\u00e1s sobre nosotros? Ven a conocernos en nuestra joyer\u00eda Marvel en el Sur de Tenerife, islas canarias.","robots":{"index":"index","follow":"follow","max-snippet":"max-snippet:-1","max-image-preview":"max-image-preview:large","max-video-preview":"max-video-preview:-1"},"canonical":"https:\/\/joyeriasmarvel.es\/index.php\/nosotros\/","og_locale":"es_ES","og_type":"article","og_title":"Nosotros - Joyer\u00eda Marvel","og_description":"\u00bfQuieres saber m\u00e1s sobre nosotros? Ven a conocernos en nuestra joyer\u00eda Marvel en el Sur de Tenerife, islas canarias.","og_url":"https:\/\/joyeriasmarvel.es\/index.php\/nosotros\/","og_site_name":"Joyer\u00eda Marvel","article_modified_time":"2023-05-16T16:02:36+00:00","og_image":[{"url":"https:\/\/joyeriasmarvel.es\/wp-content\/uploads\/2023\/05\/jasmin-chew-WKD2vIe8Rb0-unsplash-scaled.jpg","type":"","width":"","height":""}],"twitter_card":"summary_large_image","twitter_misc":{"Tiempo de lectura":"2 minutos"},"schema":{"@context":"https:\/\/schema.org","@graph":[{"@type":"WebPage","@id":"https:\/\/joyeriasmarvel.es\/index.php\/nosotros\/","url":"https:\/\/joyeriasmarvel.es\/index.php\/nosotros\/","name":"Nosotros - Joyer\u00eda Marvel","isPartOf":{"@id":"https:\/\/joyeriasmarvel.es\/#website"},"primaryImageOfPage":{"@id":"https:\/\/joyeriasmarvel.es\/index.php\/nosotros\/#primaryimage"},"image":{"@id":"https:\/\/joyeriasmarvel.es\/index.php\/nosotros\/#primaryimage"},"thumbnailUrl":"https:\/\/joyeriasmarvel.es\/wp-content\/uploads\/2023\/05\/jasmin-chew-WKD2vIe8Rb0-unsplash-scaled.jpg","datePublished":"2023-05-11T22:00:17+00:00","dateModified":"2023-05-16T16:02:36+00:00","description":"\u00bfQuieres saber m\u00e1s sobre nosotros? Ven a conocernos en nuestra joyer\u00eda Marvel en el Sur de Tenerife, islas canarias.","breadcrumb":{"@id":"https:\/\/joyeriasmarvel.es\/index.php\/nosotros\/#breadcrumb"},"inLanguage":"es","potentialAction":[{"@type":"ReadAction","target":["https:\/\/joyeriasmarvel.es\/index.php\/nosotros\/"]}]},{"@type":"ImageObject","inLanguage":"es","@id":"https:\/\/joyeriasmarvel.es\/index.php\/nosotros\/#primaryimage","url":"https:\/\/joyeriasmarvel.es\/wp-content\/uploads\/2023\/05\/jasmin-chew-WKD2vIe8Rb0-unsplash-scaled.jpg","contentUrl":"https:\/\/joyeriasmarvel.es\/wp-content\/uploads\/2023\/05\/jasmin-chew-WKD2vIe8Rb0-unsplash-scaled.jpg","width":1790,"height":2560},{"@type":"BreadcrumbList","@id":"https:\/\/joyeriasmarvel.es\/index.php\/nosotros\/#breadcrumb","itemListElement":[{"@type":"ListItem","position":1,"name":"Portada","item":"https:\/\/joyeriasmarvel.es\/"},{"@type":"ListItem","position":2,"name":"Nosotros"}]},{"@type":"WebSite","@id":"https:\/\/joyeriasmarvel.es\/#website","url":"https:\/\/joyeriasmarvel.es\/","name":"Joyer\u00eda Marvel","description":"Joyer\u00eda de confianza","publisher":{"@id":"https:\/\/joyeriasmarvel.es\/#organization"},"potentialAction":[{"@type":"SearchAction","target":{"@type":"EntryPoint","urlTemplate":"https:\/\/joyeriasmarvel.es\/?s={search_term_string}"},"query-input":{"@type":"PropertyValueSpecification","valueRequired":true,"valueName":"search_term_string"}}],"inLanguage":"es"},{"@type":"Organization","@id":"https:\/\/joyeriasmarvel.es\/#organization","name":"Joyer\u00eda Marvel","url":"https:\/\/joyeriasmarvel.es\/","logo":{"@type":"ImageObject","inLanguage":"es","@id":"https:\/\/joyeriasmarvel.es\/#\/schema\/logo\/image\/","url":"https:\/\/joyeriasmarvel.es\/wp-content\/uploads\/2023\/05\/LOGO-MARVEL-02.png","contentUrl":"https:\/\/joyeriasmarvel.es\/wp-content\/uploads\/2023\/05\/LOGO-MARVEL-02.png","width":1310,"height":377,"caption":"Joyer\u00eda Marvel"},"image":{"@id":"https:\/\/joyeriasmarvel.es\/#\/schema\/logo\/image\/"}}]}},"_links":{"self":[{"href":"https:\/\/joyeriasmarvel.es\/index.php\/wp-json\/wp\/v2\/pages\/484","targetHints":{"allow":["GET"]}}],"collection":[{"href":"https:\/\/joyeriasmarvel.es\/index.php\/wp-json\/wp\/v2\/pages"}],"about":[{"href":"https:\/\/joyeriasmarvel.es\/index.php\/wp-json\/wp\/v2\/types\/page"}],"author":[{"embeddable":true,"href":"https:\/\/joyeriasmarvel.es\/index.php\/wp-json\/wp\/v2\/users\/1"}],"replies":[{"embeddable":true,"href":"https:\/\/joyeriasmarvel.es\/index.php\/wp-json\/wp\/v2\/comments?post=484"}],"version-history":[{"count":11,"href":"https:\/\/joyeriasmarvel.es\/index.php\/wp-json\/wp\/v2\/pages\/484\/revisions"}],"predecessor-version":[{"id":588,"href":"https:\/\/joyeriasmarvel.es\/index.php\/wp-json\/wp\/v2\/pages\/484\/revisions\/588"}],"wp:attachment":[{"href":"https:\/\/joyeriasmarvel.es\/index.php\/wp-json\/wp\/v2\/media?parent=484"}],"curies":[{"name":"wp","href":"https:\/\/api.w.org\/{rel}","templated":true}]}}